tor of 3 and j?
3
Let j(l) = l**3 - 8*l**2 - 8*l - 7. Let p be j(9). Suppose -145 = -p*z + 47. Let s = -32 + z. What is the greatest common factor of 8 and s?
8
Let q be ((-24)/(-14))/((-25)/(-175)). Suppose -4*y = -6*y - 5*a + 73, -4*a = -3*y + 167. Let g = y - q. What is the greatest common divisor of 333 and g?
37
Let x be 1 + 11 - (2 + 2 + -5). Suppose -2*j - x = -23. Let d be (-2)/(-1) - 106/(-2). Calculate the highest common factor of d and j.
5
Let r be ((-3)/(-9))/(2/36). Let v = r - 1. Let m be -1 + 38 - 30/15. What is the greatest common factor of m and v?
5
Suppose r + 52 = -f, 0 = 5*f - f + r + 211. Let q = f - -97. Suppose -5*g = 4*i - 16, 4*i + 20 = 3*g + 4. Calculate the greatest common factor of q and g.
4
Let v be 26/6 + 10/(-30). Let s be v/16*-2*-8. Let u = 4 + 4. Calculate the highest common factor of u and s.
4
Let d = -460 + 496. Calculate the highest common divisor of 9 and d.
9
Suppose 0 = 8*h - 10*h - 110. Let g = -22 - h. Let z = -39 - -61. What is the greatest common factor of g and z?
11
Let x = -472 + 479. Calculate the highest common factor of 28 and x.
7
Suppose 20*y + z = 15*y + 35, -3*y = -z - 21. What is the highest common divisor of y and 7?
7
Let k be (-280)/16*8/(-10). Suppose t + 3*f - 112 = 2*f, 0 = 2*t - 2*f - 224. What is the highest common factor of k and t?
14
Let h be -8*(-1)/24 - 2/(-3). Suppose 36 = 2*i + 2*i. Suppose 3*f + 6*y - 4*y - i = 0, 3*f - 5*y = -12. Calculate the highest common divisor of h and f.
1
Let n(t) = -6*t**2 - 6*t**3 + 4*t**3 + 2*t + t**3. Let f be n(-7). What is the highest common divisor of 14 and f?
7
Suppose 0 = -3*f + f + 16. Suppose 8 = 2*z - t, -5*z - 2*t - 2*t + 33 = 0. Suppose 48 - 3 = r + j, j = z. What is the greatest common divisor of f and r?
8
Let p(l) = -13*l - 105. Let q be p(-9). What is the highest common divisor of 228 and q?
12
Let t(p) = 18*p + 2. Let a be -1 - 6/(-9)*6. Let l be t(a). Let z(h) = h**2 - 3*h + 3. Let u be z(4). What is the greatest common divisor of l and u?
7
Suppose -i - d + 351 = 108, 3*i + 5*d = 735. Suppose -4*u + 124 - 28 = 0. What is the greatest common factor of i and u?
24
Let l(g) = -17*g**3 - g**2 - 3*g - 3. Let i be l(-1). Calculate the greatest common factor of 14 and i.
2
Let p = 140 - 79. Let s = 95 - p. Calculate the highest common factor of s and 51.
17
Let n(w) = w**2 - w - 15. Let b be n(0). Let f = -9 - b. Suppose 2*o - 3*u = 84, 0*u + 2*u = 8. What is the greatest common factor of f and o?
6
Suppose -d - 62 = -3*l + 77, 3*l = 4*d + 124. Suppose 5*h + 2*n - 208 = -36, -h = -3*n - l. Calculate the highest common factor of 4 and h.
4
Let s be -4 + (1 - -1) - -18. Let w be (-4)/(-6) + (-381)/(-9). Let d = -19 + w. Calculate the highest common factor of d and s.
8
Suppose 0 = -4*m + 2 + 14, -3*y = -4*m - 608. Suppose -y = -5*c + 2*x, 2*c - x = -0*c + 83. What is the highest common factor of 378 and c?
42
Let p(m) = 21*m + 303. Let c be p(-9). Calculate the highest common divisor of 570 and c.
114
Let w(t) = -t**3 + 6*t**2 - 4*t - 8. Let a be w(4). Suppose 13 + a = n. Calculate the highest common divisor of n and 3.
3
Suppose 4*k - 4*o = -12, o + 8 = 3. Let u be -3 + 26/6 - k/12. Let g be (0 - 32/(-6))*3. Calculate the highest common divisor of u and g.
2
Let g be 10/(11/3 - 3). Suppose 4*f = f + 4*t + 200, -f + 3*t = -75. What is the greatest common factor of g and f?
15
Suppose -3*z - 6*s + 152 = -s, 2*s + 112 = 2*z. Let g = z + -34. What is the highest common divisor of 50 and g?
10
Let t(d) = -d**3 - 11*d**2 + 9*d - 16. Let q be t(-12). Let g = q + -16. What is the greatest common factor of g and 4?
4
Let v = 312 - 169. Calculate the highest common divisor of v and 132.
11
Suppose -f - v + 1842 = 0, 9*f - 8*f + 3*v = 1834. Calculate the greatest common divisor of 142 and f.
142
Let m be 1652/26 + (-12)/(-26). What is the greatest common factor of 144 and m?
16
Let m be (0 + (-18)/(-4))*2. Let f be ((-135)/m)/(1 - (-4)/(-2)). Calculate the highest common divisor of f and 60.
15
Let i(x) = 9*x**2 - x - 1. Let g be (0 + -2)*(-3)/(-2). Let w be i(g). Let z = -17 + w. Calculate the highest common factor of 33 and z.
33
Let p = -211 + 226. What is the highest common divisor of p and 240?
15
Let o(s) = -s**2 - 9*s - 13. Let f be o(-9). Let i = 43 + f. Calculate the greatest common factor of i and 15.
15
Let i(d) = -17*d - 3. Let p be i(-3). Let r be (-3)/1*(-2)/3*60. Calculate the greatest common factor of p and r.
24
Let u = 26 - 35. Let t be ((-42)/(-9))/((-6)/u). Calculate the highest common factor of 7 and t.
7
Let g(f) = f**2 + 20*f - 39. Let t(p) = 23*p. Let q be t(-1). Let w be g(q). Let a = -16 - -26. Calculate the greatest common divisor of a and w.
10
Let f = 902 + -883. Suppose 2*c = 6*c - 368. Suppose c - 719 = -3*t. What is the greatest common factor of f and t?
19
Let h(o) = -o**3 + 10*o**2 - 11*o + 1. Let b be h(8). Suppose 4*v - 31 = t, -v - 3*v + b = t. Let d = 153 - 54. What is the greatest common divisor of v and d?
9
Suppose -4*l + 3*l + 10 = 0. Let v = l - -6. What is the highest common divisor of v and 24?
8
Let k(y) = 21*y**2 + y - 1. Let h be k(-2). Suppose 0 = 3*m - 28 + 4. Suppose 19 + m = 3*x. What is the highest common divisor of h and x?
9
Let w be (-1)/3 + 468/27. Let n = -22 + 27. Let v(a) = a**3 + a**2 - 4*a - 11. Let l be v(n). Calculate the greatest common divisor of l and w.
17
Suppose -3*k + 5*t + 133 = 0, -5*k + 0*t - 5*t + 275 = 0. Let d = k + 4. Calculate the highest common factor of 22 and d.
11
Let b(v) be the second derivative of -v**3/3 - 21*v**2/2 + 15*v. Let x be b(-16). What is the highest common factor of x and 33?
11
Let n(z) = 1326*z - 247. Let k be n(2). Calculate the highest common divisor of 130 and k.
65
Suppose 8*v = -v + 225. Suppose 375 = 3*s + 2*s. What is the greatest common divisor of v and s?
25
Let g = -5 - -9. Suppose -8 = g*s - m - 24, -5*s - 4*m - 1 = 0. Suppose -s*j = 5*c - 76, -c - j = -4*j - 8. Calculate the greatest common divisor of c and 2.
2
Let j be 6/(86/40 + -2). Let i(u) = u - 9. Let n be i(10). Let w be (-7)/(14/10)*(0 - n). What is the greatest common factor of j and w?
5
Let k(o) = -o**3 + 11*o**2 - 11*o - 3. Let b = 4 - -6. Let z be k(b). Let j = z - -23. What is the highest common divisor of 25 and j?
5
Let g = 71 + -49. Let w(c) = 145*c - 4. Let j be w(2). Calculate the greatest common factor of g and j.
22
Suppose -c - 19*k + 17*k = -402, -2*c - 2*k + 810 = 0. Calculate the highest common divisor of 48 and c.
24
Let v = 1317 + -1304. Calculate the highest common factor of v and 1079.
13
Let g be -55*(-4 + 5 + -2). Suppose 67 - g = 6*o. What is the highest common factor of o and 2?
2
Let q be (-92 - -2)/(-1*15/20). What is the greatest common factor of q and 60?
60
Let o(d) = 11*d**2 - 2*d - 18. Let p be o(-2). Suppose 62 = 4*x + t + t, 3*x = 4*t + 41. Calculate the greatest common factor of p and x.
15
Suppose -15*r + 8*r = -224. What is the greatest common divisor of r and 232?
8
Let q(x) = 7*x + 911. Let v be q(-53). Calculate the highest common divisor of 40 and v.
20
Suppose 4*i + 92 = -2*b, -b + i + 3*i - 40 = 0. Let x be (9/(-6))/(6/b). What is the highest common factor of 22 and x?
11
Let j be (35/(-10) + -1)*4. Let w be 3/j - (73/(-6) - 0). Calculate the greatest common divisor of 96 and w.
12
Let f(x) = -x**3 + 5. Let o be f(-3). What is the highest common factor of 8 and o?
8
Let r(a) = -8*a + 54. Let j be r(0). What is the highest common factor of 36 and j?
18
Let r = -15 - -59. Let i = r + 11. Let d be (-17)/(-5) + 33/i. Calculate the highest common factor of d and 12.
4
Suppose 90 = 50*u - 20*u. Calculate the greatest common factor of u and 24.
3
Let b = 148 - 68. Let m = -2359 + 2375. Calculate the highest common divisor of b and m.
16
Let f = -13 + 21. What is the greatest common factor of f and 248?
8
Let f(c) = -24*c + 216. Let k be f(8). Calculate the greatest common divisor of k and 60.
12
Let q = -523 - -936. What is the greatest common divisor of 59 and q?
59
Let v be 4/2 + 0/1. Suppose 0*f - v*f = -4*q + 30, -30 = -5*q + 5*f. Suppose -81 = -n - 0. Calculate the highest common divisor of q and n.
9
Suppose 4*s - 4*d = 24, -3*d - 10 - 5 = -2*s. Suppose -2*w + 4*p + 15 = -15, w + p - 6 = 0. Let a = s + w. Calculate the greates